{"id":110,"date":"2025-12-09T18:16:48","date_gmt":"2025-12-09T18:16:48","guid":{"rendered":"https:\/\/romantic-nightingale.141-95-169-82.plesk.page\/?page_id=110"},"modified":"2026-02-10T17:31:35","modified_gmt":"2026-02-10T17:31:35","slug":"le-restaurant","status":"publish","type":"page","link":"https:\/\/romantic-nightingale.141-95-169-82.plesk.page\/index.php\/le-restaurant\/","title":{"rendered":"Le Restaurant"},"content":{"rendered":"\n<div class=\"wp-block-columns is-layout-flex wp-container-core-columns-is-layout-9d6595d7 wp-block-columns-is-layout-flex\">\n<div class=\"wp-block-column is-layout-flow wp-block-column-is-layout-flow\" style=\"flex-basis:33.33%\">\n<figure class=\"wp-block-image size-large\"><img loading=\"lazy\" decoding=\"async\" width=\"682\" height=\"1024\" src=\"https:\/\/romantic-nightingale.141-95-169-82.plesk.page\/wp-content\/uploads\/2025\/12\/galerie1.resized-rotated-1-682x1024.jpeg\" alt=\"\" class=\"wp-image-91\" style=\"aspect-ratio:1;object-fit:cover\" srcset=\"https:\/\/romantic-nightingale.141-95-169-82.plesk.page\/wp-content\/uploads\/2025\/12\/galerie1.resized-rotated-1-682x1024.jpeg 682w, https:\/\/romantic-nightingale.141-95-169-82.plesk.page\/wp-content\/uploads\/2025\/12\/galerie1.resized-rotated-1-200x300.jpeg 200w, https:\/\/romantic-nightingale.141-95-169-82.plesk.page\/wp-content\/uploads\/2025\/12\/galerie1.resized-rotated-1-768x1152.jpeg 768w, https:\/\/romantic-nightingale.141-95-169-82.plesk.page\/wp-content\/uploads\/2025\/12\/galerie1.resized-rotated-1.jpeg 853w\" sizes=\"auto, (max-width: 682px) 100vw, 682px\" \/><\/figure>\n<\/div>\n\n\n\n<div class=\"wp-block-column is-layout-flow wp-block-column-is-layout-flow\" style=\"flex-basis:66.66%\">\n<p class=\"padding: 10px;\">\u00c0 l\u2019\u00e9cart de l\u2019agitation lyonnaise, dans un environnement paisible de <strong>Saint-Genis-Laval<\/strong>,<strong> l\u2019\u00c9tape Dor\u00e9e<\/strong> se d\u00e9voile comme une adresse discr\u00e8te, presque confidentielle,<br>o\u00f9 authenticit\u00e9, convivialit\u00e9 et gourmandise se rencontrent.<br>Ici, chaque visite est une parenth\u00e8se chaleureuse, port\u00e9e par une \u00e9quipe passionn\u00e9e et attentive \u00e0 votre bien-\u00eatre.<\/p>\n\n\n\n<p>Notre cuisine, enti\u00e8rement faite maison, valorise des produits frais, locaux et de saison. Le chef compose une carte raffin\u00e9e, m\u00ealant recettes traditionnelles, inspirations modernes et saveurs soigneusement \u00e9quilibr\u00e9es. Chaque plat est pens\u00e9 pour offrir une exp\u00e9rience g\u00e9n\u00e9reuse, sinc\u00e8re et m\u00e9morable.<\/p>\n\n\n\n<p>Dans une atmosph\u00e8re \u00e9l\u00e9gante mais sans pr\u00e9tention, L\u2019\u00c9tape Dor\u00e9e est l\u2019endroit id\u00e9al pour partager un d\u00e9jeuner r\u00e9confortant, un d\u00eener en t\u00eate-\u00e0-t\u00eate, ou un moment gourmand entre amis et en famille.<br>Ici, on prend le temps de savourer, de se retrouver, et de profiter d\u2019un service attentif, discret et chaleureux.<\/p>\n\n\n\n<p class=\"padding: 10px;\"><strong>l\u2019\u00c9tape Dor\u00e9e<\/strong>, une adresse incontournable o\u00f9 le plaisir de la table reprend tout son sens.<\/p>\n<\/div>\n<\/div>\n\n\n\n<h2 class=\"wp-block-heading\">L\u2019\u00c9tape Dor\u00e9e : Une Nouvelle \u00c8re \u00e0 Saint-Genis-Laval<\/h2>\n\n\n\n<p>En mars 2025, L\u2019\u00c9tape Dor\u00e9e a quitt\u00e9 l\u2019harmonie tranquille de L&rsquo;Arbresle pour s\u2019installer au c\u0153ur de Saint-Genis-Laval, dans un \u00e9crin plus vaste et plus lumineux. Ce changement n\u2019est pas qu\u2019un simple d\u00e9m\u00e9nagement ; c\u2019est une \u00e9volution, une qu\u00eate incessante de perfectionnement, une envie de vous offrir, chers convives, une exp\u00e9rience gastronomique toujours plus pouss\u00e9e.<\/p>\n\n\n\n<h2 class=\"wp-block-heading\">Pourquoi ce changement ?<\/h2>\n\n\n\n<p>Dans cet espace plus vaste, notre cuisine se d\u00e9ploie avec \u00e9l\u00e9gance. La nouvelle brigade se voit offrir la libert\u00e9 de travailler dans des conditions optimales. Chaque technique, chaque cuisson, est ainsi sublim\u00e9e.<br>La salle s\u2019\u00e9tend elle aussi, offrant \u00e0 chaque invit\u00e9 un moment de plaisir silencieux et une atmosph\u00e8re propice \u00e0 la contemplation, o\u00f9 chaque plat devient un voyage sensoriel.<\/p>\n\n\n\n<h2 class=\"wp-block-heading\">Un jardin en devenir<\/h2>\n\n\n\n<div class=\"wp-block-columns is-layout-flex wp-container-core-columns-is-layout-9d6595d7 wp-block-columns-is-layout-flex\">\n<div class=\"wp-block-column is-layout-flow wp-block-column-is-layout-flow\" style=\"flex-basis:66.66%\">\n<p>Notre jardin priv\u00e9 s\u2019inscrit dans une d\u00e9marche patiente et respectueuse,<br>laissant \u00e0 la nature le temps de reprendre ses droits.<br>Avant d\u2019y voir pousser herbes fra\u00eeches et l\u00e9gumes,<br>la terre doit \u00eatre pr\u00e9par\u00e9e, nourrie et r\u00e9g\u00e9n\u00e9r\u00e9e en profondeur.<\/p>\n\n\n\n<p>\u00c0 partir d\u2019avril 2026, le projet de \u00ab for\u00eat comestible \u00bb entrera progressivement dans une nouvelle phase,<br>avec les premi\u00e8res r\u00e9coltes destin\u00e9es \u00e0 nourrir, peu \u00e0 peu, notre cuisine.<\/p>\n\n\n\n<p>Dans ce cycle vertueux, les d\u00e9chets alimentaires retrouvent leur place dans la terre,<br>participant \u00e0 une dynamique durable et coh\u00e9rente.<br>Nous avan\u00e7ons \u00e0 notre rythme, avec exigence et humilit\u00e9,<br>afin de garantir une croissance sinc\u00e8re et porteuse de sens.<\/p>\n\n\n\n<p>Ainsi se cr\u00e9e un \u00e9quilibre naturel entre la terre et l\u2019assiette.<\/p>\n<\/div>\n\n\n\n<div class=\"wp-block-column is-layout-flow wp-block-column-is-layout-flow\" style=\"flex-basis:33.33%\">\n<figure class=\"wp-block-image size-large\"><img loading=\"lazy\" decoding=\"async\" width=\"1024\" height=\"1024\" src=\"https:\/\/romantic-nightingale.141-95-169-82.plesk.page\/wp-content\/uploads\/2026\/02\/LINE_ALBUM_20250919_250919_17-edited-1024x1024.jpg\" alt=\"\" class=\"wp-image-290\" srcset=\"https:\/\/romantic-nightingale.141-95-169-82.plesk.page\/wp-content\/uploads\/2026\/02\/LINE_ALBUM_20250919_250919_17-edited-1024x1024.jpg 1024w, https:\/\/romantic-nightingale.141-95-169-82.plesk.page\/wp-content\/uploads\/2026\/02\/LINE_ALBUM_20250919_250919_17-edited-300x300.jpg 300w, https:\/\/romantic-nightingale.141-95-169-82.plesk.page\/wp-content\/uploads\/2026\/02\/LINE_ALBUM_20250919_250919_17-edited-150x150.jpg 150w, https:\/\/romantic-nightingale.141-95-169-82.plesk.page\/wp-content\/uploads\/2026\/02\/LINE_ALBUM_20250919_250919_17-edited-768x768.jpg 768w, https:\/\/romantic-nightingale.141-95-169-82.plesk.page\/wp-content\/uploads\/2026\/02\/LINE_ALBUM_20250919_250919_17-edited.jpg 1045w\" sizes=\"auto, (max-width: 1024px) 100vw, 1024px\" \/><\/figure>\n<\/div>\n<\/div>\n\n\n\n<h2 class=\"wp-block-heading\">Une exp\u00e9rience gastronomique unique<\/h2>\n\n\n\n<p>C&rsquo;est avec cette vision durable que nous avan\u00e7ons, en offrant un seul menu gastronomique, pleinement concentr\u00e9 sur la recherche de la perfection. Ce menu devient une promesse de qualit\u00e9 et de raffinement.<br>Nos accords boissons, qu&rsquo;ils soient en vins ou sans alcool, sont soigneusement choisis pour accompagner chaque bouch\u00e9e, chaque note de saveur. Une harmonie subtile, calcul\u00e9e, qui transforme chaque repas en une \u0153uvre d&rsquo;art.<br>Nous vous invitons \u00e0 franchir les portes de notre nouvel univers et \u00e0 red\u00e9couvrir l\u2019\u00e2me de L\u2019\u00c9tape Dor\u00e9e, toujours fid\u00e8le \u00e0 notre d\u00e9sir de luxe simple et d&rsquo;authenticit\u00e9. Ensemble, continuons ce voyage culinaire et po\u00e9tique, o\u00f9 chaque moment devient une c\u00e9l\u00e9bration des sens.<\/p>\n\n\n\n<hr class=\"wp-block-separator aligncenter has-alpha-channel-opacity is-style-dots\"\/>\n\n\n\n<div class=\"wp-block-columns is-layout-flex wp-container-core-columns-is-layout-9d6595d7 wp-block-columns-is-layout-flex\">\n<div class=\"wp-block-column is-layout-flow wp-block-column-is-layout-flow\">\n<figure class=\"wp-block-image size-large\"><img loading=\"lazy\" decoding=\"async\" width=\"682\" height=\"1024\" src=\"https:\/\/romantic-nightingale.141-95-169-82.plesk.page\/wp-content\/uploads\/2025\/12\/galerie7.resized-rotated-1-682x1024.jpeg\" alt=\"\" class=\"wp-image-86\" srcset=\"https:\/\/romantic-nightingale.141-95-169-82.plesk.page\/wp-content\/uploads\/2025\/12\/galerie7.resized-rotated-1-682x1024.jpeg 682w, https:\/\/romantic-nightingale.141-95-169-82.plesk.page\/wp-content\/uploads\/2025\/12\/galerie7.resized-rotated-1-200x300.jpeg 200w, https:\/\/romantic-nightingale.141-95-169-82.plesk.page\/wp-content\/uploads\/2025\/12\/galerie7.resized-rotated-1-768x1152.jpeg 768w, https:\/\/romantic-nightingale.141-95-169-82.plesk.page\/wp-content\/uploads\/2025\/12\/galerie7.resized-rotated-1.jpeg 853w\" sizes=\"auto, (max-width: 682px) 100vw, 682px\" \/><\/figure>\n<\/div>\n\n\n\n<div class=\"wp-block-column is-layout-flow wp-block-column-is-layout-flow\">\n<figure class=\"wp-block-image size-large\"><img loading=\"lazy\" decoding=\"async\" width=\"682\" height=\"1024\" src=\"https:\/\/romantic-nightingale.141-95-169-82.plesk.page\/wp-content\/uploads\/2025\/12\/galerie4.resized-rotated-1-682x1024.jpeg\" alt=\"\" class=\"wp-image-87\" srcset=\"https:\/\/romantic-nightingale.141-95-169-82.plesk.page\/wp-content\/uploads\/2025\/12\/galerie4.resized-rotated-1-682x1024.jpeg 682w, https:\/\/romantic-nightingale.141-95-169-82.plesk.page\/wp-content\/uploads\/2025\/12\/galerie4.resized-rotated-1-200x300.jpeg 200w, https:\/\/romantic-nightingale.141-95-169-82.plesk.page\/wp-content\/uploads\/2025\/12\/galerie4.resized-rotated-1-768x1152.jpeg 768w, https:\/\/romantic-nightingale.141-95-169-82.plesk.page\/wp-content\/uploads\/2025\/12\/galerie4.resized-rotated-1.jpeg 853w\" sizes=\"auto, (max-width: 682px) 100vw, 682px\" \/><\/figure>\n<\/div>\n\n\n\n<div class=\"wp-block-column is-layout-flow wp-block-column-is-layout-flow\">\n<figure class=\"wp-block-image size-large\"><img loading=\"lazy\" decoding=\"async\" width=\"682\" height=\"1024\" src=\"https:\/\/romantic-nightingale.141-95-169-82.plesk.page\/wp-content\/uploads\/2025\/12\/galerie6.resized-rotated-1-682x1024.jpeg\" alt=\"\" class=\"wp-image-88\" srcset=\"https:\/\/romantic-nightingale.141-95-169-82.plesk.page\/wp-content\/uploads\/2025\/12\/galerie6.resized-rotated-1-682x1024.jpeg 682w, https:\/\/romantic-nightingale.141-95-169-82.plesk.page\/wp-content\/uploads\/2025\/12\/galerie6.resized-rotated-1-200x300.jpeg 200w, https:\/\/romantic-nightingale.141-95-169-82.plesk.page\/wp-content\/uploads\/2025\/12\/galerie6.resized-rotated-1-768x1152.jpeg 768w, https:\/\/romantic-nightingale.141-95-169-82.plesk.page\/wp-content\/uploads\/2025\/12\/galerie6.resized-rotated-1.jpeg 853w\" sizes=\"auto, (max-width: 682px) 100vw, 682px\" \/><\/figure>\n<\/div>\n<\/div>\n","protected":false},"excerpt":{"rendered":"<p>\u00c0 l\u2019\u00e9cart de l\u2019agitation lyonnaise, dans un environnement paisible de Saint-Genis-Laval, l\u2019\u00c9tape Dor\u00e9e [&hellip;]<\/p>\n","protected":false},"author":1,"featured_media":0,"parent":0,"menu_order":0,"comment_status":"closed","ping_status":"closed","template":"","meta":{"footnotes":""},"class_list":["post-110","page","type-page","status-publish","hentry"],"_links":{"self":[{"href":"https:\/\/romantic-nightingale.141-95-169-82.plesk.page\/index.php\/wp-json\/wp\/v2\/pages\/110","targetHints":{"allow":["GET"]}}],"collection":[{"href":"https:\/\/romantic-nightingale.141-95-169-82.plesk.page\/index.php\/wp-json\/wp\/v2\/pages"}],"about":[{"href":"https:\/\/romantic-nightingale.141-95-169-82.plesk.page\/index.php\/wp-json\/wp\/v2\/types\/page"}],"author":[{"embeddable":true,"href":"https:\/\/romantic-nightingale.141-95-169-82.plesk.page\/index.php\/wp-json\/wp\/v2\/users\/1"}],"replies":[{"embeddable":true,"href":"https:\/\/romantic-nightingale.141-95-169-82.plesk.page\/index.php\/wp-json\/wp\/v2\/comments?post=110"}],"version-history":[{"count":7,"href":"https:\/\/romantic-nightingale.141-95-169-82.plesk.page\/index.php\/wp-json\/wp\/v2\/pages\/110\/revisions"}],"predecessor-version":[{"id":319,"href":"https:\/\/romantic-nightingale.141-95-169-82.plesk.page\/index.php\/wp-json\/wp\/v2\/pages\/110\/revisions\/319"}],"wp:attachment":[{"href":"https:\/\/romantic-nightingale.141-95-169-82.plesk.page\/index.php\/wp-json\/wp\/v2\/media?parent=110"}],"curies":[{"name":"wp","href":"https:\/\/api.w.org\/{rel}","templated":true}]}}